 14074112?
32
Calculate the highest common factor of 560 and 7532.
28
Calculate the highest common divisor of 44 and 22198.
22
Calculate the highest common divisor of 93 and 791.
1
What is the highest common factor of 279452 and 2?
2
Calculate the highest common divisor of 10 and 9524.
2
What is the highest common factor of 39 and 109083?
39
Calculate the highest common factor of 286 and 4810.
26
What is the highest common factor of 28105 and 1969?
11
What is the greatest common divisor of 18212 and 29?
29
What is the highest common divisor of 24984 and 36?
36
What is the greatest common factor of 650 and 13850?
50
What is the greatest common factor of 13364 and 152144?
1028
Calculate the greatest common factor of 172 and 50396.
172
Calculate the greatest common factor of 323152 and 352.
16
What is the highest common divisor of 2418 and 4329?
39
Calculate the highest common divisor of 33902 and 13662.
506
Calculate the greatest common divisor of 764636 and 266.
38
What is the greatest common factor of 5 and 225265?
5
What is the highest common factor of 7 and 84763?
7
What is the greatest common divisor of 393 and 208159?
131
What is the greatest common factor of 128209 and 29?
29
What is the greatest common divisor of 958320 and 90?
90
Calculate the greatest common factor of 521 and 32.
1
Calculate the greatest common divisor of 4272 and 372.
12
What is the highest common factor of 7192 and 1488?
248
Calculate the greatest common factor of 823285 and 391.
23
Calculate the highest common factor of 3081 and 873.
3
Calculate the highest common factor of 2100084 and 7.
7
What is the highest common factor of 2763 and 133852?
307
Calculate the greatest common divisor of 1934 and 368.
2
What is the highest common factor of 198 and 116442?
18
Calculate the greatest common factor of 44038 and 1164.
194
What is the highest common factor of 29322 and 81?
81
What is the highest common divisor of 24 and 709136?
8
Calculate the highest common factor of 367320 and 940.
20
Calculate the highest common divisor of 18559 and 7839.
67
Calculate the highest common factor of 5451 and 19434.
237
Calculate the highest common factor of 86255 and 260.
65
Calculate the highest common factor of 26490 and 6.
6
Calculate the greatest common divisor of 16031 and 32453.
391
What is the greatest common divisor of 1349 and 4544?
71
Calculate the greatest common factor of 18 and 409491.
9
Calculate the greatest common factor of 51130 and 26.
2
Calculate the highest common divisor of 9278073 and 153.
153
What is the greatest common divisor of 7272 and 449955?
909
Calculate the highest common factor of 1046277 and 162.
81
Calculate the highest common divisor of 162 and 152.
2
What is the greatest common divisor of 6811 and 49?
49
Calculate the highest common factor of 1277445 and 312.
39
Calculate the greatest common divisor of 28144 and 3824.
16
What is the greatest common factor of 282642 and 34102?
578
What is the greatest common divisor of 190 and 72466?
38
What is the highest common divisor of 13832 and 16226?
266
Calculate the highest common factor of 74682 and 324.
162
What is the highest common divisor of 95 and 152095?
95
Calculate the highest common divisor of 431 and 3296719.
431
Calculate the greatest common factor of 684 and 840.
12
Calculate the highest common factor of 897 and 1886989.
299
What is the highest common factor of 119028 and 16?
4
What is the highest common divisor of 150 and 247650?
150
Calculate the greatest common divisor of 8241 and 697.
41
What is the highest common factor of 231 and 8980356?
231
Calculate the highest common factor of 9424 and 608.
304
Calculate the greatest common factor of 4884 and 1258.
74
What is the highest common factor of 243 and 30321?
27
Calculate the highest common divisor of 1736 and 3752.
56
Calculate the highest common divisor of 120 and 1221768.
24
What is the greatest common factor of 13610 and 10?
10
Calculate the highest common divisor of 1 and 88478.
1
Calculate the greatest common divisor of 60 and 10198.
2
Calculate the greatest common factor of 669 and 742144.
223
What is the highest common factor of 11121621 and 17?
17
What is the highest common divisor of 98 and 4144?
14
What is the highest common divisor of 5327 and 175?
7
What is the greatest common divisor of 708 and 72336?
12
Calculate the highest common divisor of 285 and 447507.
57
What is the greatest common factor of 6157 and 655?
131
What is the highest common divisor of 940461 and 11048?
1381
Calculate the highest common factor of 637 and 15197.
91
Calculate the greatest common divisor of 230411 and 206.
103
Calculate the greatest common divisor of 264576 and 936.
312
Calculate the greatest common divisor of 4491443 and 2453.
2453
Calculate the highest common divisor of 42135 and 75.
15
What is the highest common factor of 376 and 86?
2
Calculate the highest common factor of 932 and 316.
4
Calculate the greatest common factor of 2992 and 33286.
374
Calculate the highest common divisor of 120 and 6855.
15
Calculate the greatest common divisor of 1075 and 3655.
215
What is the highest common factor of 6366 and 1902?
6
What is the greatest common divisor of 156 and 2533700?
52
Calculate the greatest common factor of 3852 and 8028.
36
Calculate the greatest common factor of 87 and 39527.
29
What is the highest common factor of 2646 and 1152?
18
What is the highest common factor of 59475 and 143?
13
What is the highest common factor of 107361 and 755?
151
Calculate the greatest common factor of 5082 and 19866.
462
Calculate the greatest common divisor of 9 and 234630.
9
What is the greatest common factor of 38416 and 357?
7
What is the highest common divisor of 6 and 83216?
2
Calculate the highest common divisor of 5546 and 10904.
94
What is the greatest common divisor of 182 and 812?
14
Calculate the highest common divisor of 263832 and 24.
24
Calculate the highest common factor of 2706 and 561741.
123
Calculate the greatest common factor of 1240 and 3038.
62
What is the greatest common divisor of 524556 and 312?
12
Calculate the greatest common factor of 1298693 and 22.
11
What is the highest common divisor of 18452 and 1792?
28
What is the highest common divisor of 870599 and 19?
19
Calculate the greatest common divisor of 144 and 69255.
9
What is the greatest common divisor of 14 and 271922?
14
What is the greatest common factor of 581925 and 600?
75
What is the greatest common divisor of 882586 and 145?
29
What is the greatest common factor of 1979931 and 492?
123
Calculate the greatest common divisor of 11 and 1511785.
11
What is the highest common divisor of 966 and 12834?
138
Calculate the greatest common divisor of 11660 and 40.
20
Calculate the greatest common factor of 708 and 144.
12
Calculate the greatest common factor of 36597 and 1848.
33
What is the highest common divisor of 3496 and 8208?
152
Calculate the greatest common factor of 40 and 1005010.
10
Calculate the highest common divisor of 952 and 920584.
952
What is the greatest common factor of 176 and 36938?
22
What is the greatest common divisor of 3168 and 2297196?
396
Calculate the greatest common factor of 1342 and 219417.
671
Calculate the highest common divisor of 15047 and 369.
41
What is the highest common divisor of 26250 and 182?
14
What is the greatest common divisor of 493731 and 2142?
1071
What is the highest common factor of 62160 and 7955?
185
What is the highest common factor of 14 and 392714?
14
What is the highest common divisor of 54439 and 26950?
539
Calculate the greatest common factor of 2422717 and 649.
649
What is the highest common factor of 80 and 28970?
10
What is the highest common factor of 2277 and 40843?
11
What is the greatest common divisor of 63 and 828?
9
Calculate the greatest common divisor of 28160 and 190.
10
What is the highest common divisor of 10120 and 6095?
115
What is the greatest common divisor of 5620 and 8?
4
What is the highest common divisor of 96975 and 1125?
225
Calculate the greatest common divisor of 26553 and 15030.
501
Calculate the greatest common divisor of 24336 and 832.
208
What is the highest common divisor of 1246 and 79922?
178
Calculate the highest common factor of 89102 and 322.
46
What is the highest common diviso